ase 16) in base 11?
4
What is 4 (base 14) in base 5?
4
What is -7 (base 15) in base 11?
-7
What is -102 (base 6) in base 5?
-123
What is -30 (base 13) in base 15?
-29
What is 1 (base 14) in base 6?
1
Convert -1135 (base 6) to base 10.
-275
What is -100220 (base 3) in base 2?
-100001011
0 (base 2) to base 10
0
Convert 2 (base 5) to base 2.
10
470 (base 8) to base 11
264
3e (base 15) to base 4
323
Convert -6 (base 8) to base 2.
-110
-1 (base 14) to base 3
-1
What is 11 (base 14) in base 7?
21
9 (base 15) to base 8
11
What is -22 (base 11) in base 7?
-33
1 (base 14) to base 16
1
What is -3 (base 9) in base 3?
-10
What is 1323 (base 4) in base 2?
1111011
What is 1100 (base 2) in base 13?
c
34 (base 8) to base 4
130
50 (base 7) to base 12
2b
Convert -7 (base 16) to base 2.
-111
What is 52 (base 7) in base 6?
101
Convert -25 (base 12) to base 9.
-32
What is 25 (base 6) in base 2?
10001
Convert -b0 (base 14) to base 15.
-a4
Convert 3 (base 8) to base 15.
3
What is 49 (base 13) in base 10?
61
2 (base 3) to base 5
2
-10102 (base 3) to base 4
-1130
-38 (base 16) to base 13
-44
Convert 0 (base 11) to base 13.
0
210 (base 4) to base 2
100100
What is -18 (base 14) in base 13?
-19
What is -f (base 16) in base 11?
-14
What is -17 (base 12) in base 3?
-201
What is -22 (base 8) in base 14?
-14
Convert -4 (base 13) to base 2.
-100
Convert b (base 12) to base 13.
b
-11 (base 10) to base 11
-10
-270 (base 11) to base 3
-102211
Convert -15 (base 16) to base 14.
-17
3 (base 10) to base 12
3
Convert -53 (base 13) to base 10.
-68
What is 0 (base 14) in base 2?
0
-56 (base 9) to base 10
-51
Convert 10 (base 11) to base 4.
23
What is -10101 (base 2) in base 3?
-210
-1014 (base 6) to base 15
-101
What is 3 (base 14) in base 13?
3
-8 (base 11) to base 15
-8
-33 (base 4) to base 11
-14
What is -101100 (base 2) in base 3?
-1122
Convert 11 (base 2) to base 10.
3
100 (base 2) to base 6
4
What is 54 (base 8) in base 12?
38
4 (base 15) to base 16
4
What is 57 (base 9) in base 8?
64
-4 (base 8) to base 6
-4
What is -23 (base 5) in base 4?
-31
Convert -1a (base 13) to base 3.
-212
-77 (base 11) to base 12
-70
What is -5 (base 8) in base 9?
-5
-220 (base 3) to base 8
-30
-221 (base 3) to base 16
-19
What is -13 (base 10) in base 11?
-12
Convert -3 (base 15) to base 2.
-11
What is -1011011 (base 2) in base 16?
-5b
What is -66 (base 9) in base 8?
-74
Convert 121 (base 3) to base 2.
10000
Convert -22020 (base 3) to base 14.
-11c
-1004 (base 5) to base 11
-108
What is -b (base 13) in base 5?
-21
Convert -1d (base 15) to base 4.
-130
What is 7 (base 13) in base 2?
111
What is 3 (base 8) in base 15?
3
-3 (base 16) to base 8
-3
What is -2 (base 15) in base 12?
-2
Convert 14 (base 7) to base 16.
b
-3 (base 12) to base 7
-3
What is 0 (base 8) in base 2?
0
What is -50 (base 6) in base 16?
-1e
What is 4e (base 15) in base 4?
1022
What is 1111110 (base 2) in base 13?
99
Convert 127 (base 9) to base 8.
152
-40 (base 5) to base 3
-202
-10 (base 16) to base 3
-121
Convert 3 (base 11) to base 8.
3
Convert 85 (base 12) to base 11.
92
-37 (base 10) to base 3
-1101
What is 106 (base 9) in base 15?
5c
-c (base 14) to base 12
-10
What is 7 (base 8) in base 9?
7
Convert -2 (base 15) to base 2.
-10
Convert -1 (base 16) to base 5.
-1
Convert 6 (base 11) to base 4.
12
-111 (base 6) to base 13
-34
-42 (base 5) to base 6
-34
Convert 18 (base 15) to base 16.
17
-3 (base 11) to base 13
-3
Convert -5 (base 10) to base 3.
-12
Convert -15 (base 13) to base 8.
-22
22120 (base 3) to base 8
347
-70 (base 13) to base 9
-111
1 (base 14) to base 9
1
-112 (base 3) to base 16
-e
What is -11 (base 4) in base 2?
-101
What is 49 (base 13) in base 4?
331
What is 1 (base 12) in base 13?
1
Convert 25 (base 6) to base 14.
13
Convert -7 (base 11) to base 10.
-7
Convert -3 (base 9) to base 7.
-3
What is -1011 (base 3) in base 13?
-25
12 (base 3) to base 4
11
Convert -135 (base 8) to base 15.
-63
-c (base 13) to base 10
-12
-58 (base 9) to base 11
-49
Convert -1 (base 4) to base 13.
-1
6 (base 15) to base 16
6
-1000010 (base 2) to base 11
-60
Convert 4 (base 15) to base 12.
4
Convert d (base 16) to base 12.
11
What is -54 (base 6) in base 13?
-28
-7 (base 15) to base 11
-7
Convert 10 (base 7) to base 9.
7
What is -b6 (base 13) in base 3?
-12112
Convert 1 (base 5) to base 12.
1
Convert -101 (base 3) to base 10.
-10
What is -10210 (base 3) in base 11?
-93
0 (base 11) to base 8
0
14b (base 13) to base 3
22121
-3 (base 16) to base 13
-3
What is -28 (base 12) in base 13?
-26
37 (base 14) to base 11
45
Convert 2 (base 3) to base 7.
2
Convert -112 (base 3) to base 15.
-e
54 (base 10) to base 15
39
19 (base 10) to base 5
34
-2 (base 15) to base 6
-2
-1011 (base 2) to base 12
-b
What is 30 (base 6) in base 2?
10010
What is -2 (base 13) in base 2?
-10
Convert -2 (base 15) to base 2.
-10
What is -10 (base 7) in base 6?
-11
-1b (base 14) to base 9
-27
What is 38 (base 16) in base 9?
62
What is 0 (base 10) in base 14?
0
-121 (base 7) to base 8
-100
What is a (base 13) in base 5?
20
1 (base 8) to base 7
1
Convert 11 (base 5) to base 14.
6
-22 (base 3) to base 10
-8
8 (base 12) to base 14
8
What is 10 (base 9) in base 15?
9
Convert -6 (base 15) to base 10.
-6
Convert 22 (base 3) to base 5.
13
Convert 1010 (base 5) to base 15.
8a
What is 23 (base 4) in base 8?
13
-40 (base 14) to base 15
-3b
14 (base 6) to base 2
1010
Convert -32 (base 16) to base 14.
-38
-16 (base 16) to base 12
-1a
-453 (base 6) to base 8
-261
-1 (base 14) to base 4
-1
What is 5 (base 7) in base 12?
5
What is -100 (base 2) in base 4?
-10
6 (base 11) to base 15
6
2 (base 7) to base 16
2
0 (base 10) to base 2
0
What is -121 (base 3) in base 5?
-31
Convert 16 (base 11) to base 15.
12
-cc (base 14) to base 7
-345
Convert -10 (base 3) to base 7.
-3
1 (base 11) to base 8
1
Convert 2211 (base 3) to base 16.
4c
What is 1 (base 16) in base 5?
1
What is 2 (base 3) in base 7?
2
What is 1 (base 2) in base 6?
1
What is -10 (base 4) in base 7?
-4
0 (base 16) to base 4
0
What is 31 (base 4) in base 10?
13
Convert 2 (base 8) to base 4.
2
29 (base 11) to base 6
51
What is -30 (base 4) in base 9?
-13
65 (base 9) to base 4
323
12022 (base 3) to base 8
217
Convert 110110 (base 2) to base 4.
312
11c (base 14) to base 13
141
414 (base 5) to base 14
7b
-9 (base 15) to base 8
-11
Convert -2 (base 10) to base 16.
-2
-202 (base 7) to base 5
-400
Convert 11 (base 3) to base 12.
4
Convert 13 (base 7) to base 5.
20
What is -10121 (base 3) in base 2?
-1100001
What is -3 (base 13) in base 7?
-3
Convert 5 (base 7) to base 10.
5
Convert -13 (base 11) to base 6.
-22
What is 11 (base 4) in base 5?
10
-5f (base 16) to base 10
-95
-13 (base 7) to base 16
-a
What is -44 (base 9) in base 10?
-40
Convert -3 (base 7) to base 3.
-10
Convert 15 (base 7) to base 2.
1100
Convert 58 (base 13) to base 9.
81
What is 12 (base 4) in base 13?
6
Convert -56 (base 7) to base 2.
-101001
-1 (base 6) to base 15
-1
What is -10 (base 8) in base 10?
-8
Convert -61 (base 14) to base 8.
-125
20 (base 4) to base 11
8
What is -4 (base 10) in base 7?
-4
Convert 1 (base 11) to base 5.
1
Convert -14 (base 5) to base 14.
-9
Convert -1022 (base 3) to base 12.
-2b
Convert 110 (base 2) to base 3.
20
Convert a (base 16) to base 11.
a
What is 180 (base 11) in base 13?
131
What is -29 (base 10) in base 9?
-32
-11001110 (base 2) to base 15
-db
What is -12 (base 8) in base 3?
-101
Convert -1 (base 10) to base 16.
-1
14 (base 6) to base 7
13
13 (base 15) to base 9
20
What is 0 (base 15) in base 12?
0
What is 21 (base 3) in base 4?
13
What is -161 (base 13) in base 3?
-100012
-122 (base 5) to base 6
-101
What is -57 (base 11) in base 3?
-2022
What is 42 (base 5) in base 7?
31
What is 66 (base 9) in base 3?
2020
What is -23 (base 5) in base 8?
-15
What is 2 (base 13) in base 9?
2
What is 4 (base 11) in base 5?
4
-57 (base 8) to base 13
-38
Convert -50 (base 7) to base 2.
-100011
Convert -3 (base 10) to base 14.
-3
Convert 0 (base 15) to base 16.
0
-2 (base 11) to base 9
-2
3 (base 10) to base 8
3
Convert -1111 (base 2) to base 10.
-15
What is 17 (base 14) in base 7?
30
Convert -121 (base 3) to base 14.
-12
-3 (base 4) to base 14
-3
Convert -1000 (base 2) to base 7.
-11
Convert -110 (base 8) to base 11.
-66
What is -61 (base 10) in base 7?
-115
Con